
What is the value of (219 + -70 - 115) + 69?
103
What is (3 - 5 - -124) + (14 - (-18 + 4) - 26)?
124
Calculate (-401 - -383) + 0 + 0 + -1 + 16.
-3
Calculate (-26 - (10 + -63 + 29)) + -42.
-44
What is -11 - (-14 + (11 - (42 + -20)) + -86 + 1)?
99
What is the value of -12 - (5 + (-2 - -8 - 16) + 0)?
-7
Evaluate 11 + -1 + (-77 - -115 - 122 - (1 + -1)).
-74
Calculate (1 + -1 + 2 - -12) + -107 + 105.
12
What is the value of (-22 - ((-65 - 9) + 21)) + -18?
13
What is (40 - (-33 - -10)) + -10?
53
What is the value of -34 - -10 - (-903 - -955)?
-76
(10 - 2) + (18 - (5 - 3) - -2 - -8)
34
Evaluate -69 - (-23 + -9 + 43 + -4).
-76
Calculate 11 - (-10 - (-13 + (5 - -12) + -80)).
-55
Evaluate 87 + (-36 - 33) + 47.
65
-130 + (-79 - (122 + -267))
-64
What is the value of 108 + -107 - (-14 + 37)?
-22
What is the value of 60 - (-106 + 77) - 96?
-7
(9 + -6 - -9) + -5 + -4 + -38
-35
What is 44 + -74 + -13 - (-12 + -9)?
-22
Evaluate 51 - (-6 - -85) - 5.
-33
Evaluate 71 - (44 + (-24 - (-12 + 9))).
48
Evaluate -8 - -25 - 21 - (1 - 2 - -9).
-12
Evaluate 9 + -12 + (-56 - -18) + 2.
-39
What is the value of 10 - (13 + -9) - (3 - (-6 + 5) - -47)?
-45
What is the value of (97 - (-5 + -7 + 19)) + 1 + 289 + -294?
86
Calculate -59 + (-5 + -1 - -3) + -5 + 3 + 10.
-54
What is 15 - -9 - (-52 + 16 + 18)?
42
Evaluate (3 - 13) + (13 - (0 - (4 + (-4 - 81)))).
-78
Evaluate (-10 - 1 - 4) + (11 - -1) + -7 + 4.
-6
9 + -8 - -1 - (-39 - (1 - 4))
38
Evaluate -57 - (-3 - (47 + 33)).
26
Evaluate (-13 - -2 - -10 - 58) + 9.
-50
-4 + -3 - (4 + -9 - (1 + 8))
7
What is (-5 - (42 + -25)) + 18 + 25?
21
461 + -163 - 278 - (-1 + -13 + -1)
35
(18 - 2) + -13 + 4 + -4 + 3 - 28
-22
Evaluate (-99 - -16) + -21 - -84.
-20
Evaluate 3 + 5 + (-21 - -2) + 13 + -6 - -82.
78
(-3 - -132) + (-2322 - -2207)
14
What is 17 + -2 + 21 + 11?
47
What is the value of (-10 - -3 - (116 + -103)) + 15?
-5
10 + (-15 - (-9 + -7 + 11))
0
What is the value of 2056 + -2098 + (50 - 0) - -98?
106
(-3 - 21) + (-577 - -516)
-85
Calculate -40 + -17 + 129 + -66.
6
Evaluate 31 - (52 + 26 - 49).
2
(-3 - (-7 - -4)) + -1 + -1607 + 1608
0
Calculate (2 - 71) + (-225 - -293).
-1
What is -7 + 4 - 7 - (15 + -13)?
-12
74 - 15 - ((-8 - -2) + 18 + -30)
77
23 + -39 - -23 - (44 + 0)
-37
What is -22 + 15 + (79 - (9 - 43))?
106
-28 - (5 + -93) - 44
16
What is the value of 61 + -3 + -172 + 123?
9
What is the value of 51 - -1 - (-4817 + 4812)?
57
What is -6 - 14 - (9 - 30) - -11?
12
Calculate -34 - (13 - (4 + -32)) - -2.
-73
Evaluate 7 + (2 - ((6 - 18) + 13) - -18).
26
What is -42 + (2 + 28 + 0 - 13)?
-25
-1316 + 1411 - (-11 + -7)
113
Calculate (0 - 1) + 11 - (-43 + -32 - -46 - -13).
26
Evaluate 35 - (-23 + (78 - 40)).
20
What is 4 + 10 + -15 + 15 + 5 + 2?
21
What is the value of (45 - (34 - 24)) + (-10 - -4 - 0)?
29
Calculate -28 + (105 - 63) + 29.
43
What is (0 + 13 + (8 - -8) - 5) + -11?
13
Evaluate 78 + ((18 - -8) + -9 + -14 - 15).
66
49 + 2 + (-68 - -41) - -6
30
Calculate -98 + 85 - ((-10 - (-2 + -4 + 3)) + -5).
-1
-59 - (8 + (2 - (-8 - -21)) + (-16 - -21))
-61
-9 + (-63 - (43 + -83) - (2 + (1 - 1)))
-34
What is the value of -3 - -106 - ((38 - 52) + (-32 - -67))?
82
-6 + 1 + -7 + (-4 - 8 - -24) - -16
16
What is the value of 4 + -3 - (-2731 + 2803)?
-71
What is 42 - ((-4 - -1) + (-23 - -16)) - 12 - 6?
34
What is the value of (-5 - (15 + -38)) + 12?
30
-7 + -7 + (11 - (8 + (6 - 11) - 13))
7
What is the value of -2 - 51 - (-17 + 14 + 12 + -19)?
-43
What is -18 + 18 - (-62 + 16 - (3 - (3 - -1)))?
45
Evaluate -3 + -66 - (45 + -104 + 42).
-52
What is the value of 26 + 14 + -4 + -1 + -92?
-57
1 + -20 + (-19 - (-37 + -20 + 40))
-21
-93 - -11 - (184 - 230)
-36
Calculate -21 + -28 + 53 + -23.
-19
(-4 - 0) + 2 - ((81 - 48) + -2 + 9)
-42
What is the value of -96 - (14 + -180 + -54)?
124
What is the value of 7 + 34 + (-99 - -66)?
8
What is 21 - 32 - (12 + (9 - 30) - (12 + -5))?
5
Evaluate (24 + -15 - 11) + (29 - 59).
-32
Evaluate -15 - ((24 - 106) + (-3 - -4) - -7).
59
Calculate 22 - (121 - (76 + 28)).
5
123 + -64 + -59 + (0 - -2 - 5)
-3
Calculate (-7 - (53 + -23 - 65)) + 25.
53
Calculate -26 - -26 - (-13 - 1) - 39 - (-1 - 9).
-15
What is -1 - (-6 + (-1 - -2) - (-25 + 224 - 197))?
6
(-14 - -9) + (36 + -11 - (0 + 13))
7
What is the value of -40 + -34 + 46 - 10?
-38
Calculate -26 - 12 - -33 - 31 - (-1 + 2 + 4).
-41
Evaluate -42 + -4 + 5 + -7 + (12 - (-6 + 5)).
-35
What is the value of 16 + 17 + (-30 - (-8 + -17)) + 24?
52
Evaluate (-469 - -372) + (-2 - 16).
-115
What is the value of 13 + -12 + -13 + -11 + 63?
40
10 + -2 + -1 - (-16 + 1 + 81)
-59
Calculate -67 - (-1057 - -1058 - (2 + -3 - -4)).
-65
Evaluate 119 + (-87 + 35 - 7).
60
Evaluate (-4 - 13) + 92 - (-27 - (-16 + -25)).
61
Calculate -1 - ((-8 - (-56 + 6)) + (14 - 1) + -11).
-45
67 - 0 - (1281 - 1262)
48
Evaluate -24 + 154 + -64 + -52 - (64 + 0).
-50
What is the value of (2 - -1) + 61 - (39 + -33 + 12 - 9)?
55
What is the value of (-10 - (-16 + -5 + (19 - 5))) + -34?
-37
Calculate 81 + 68 + -72 + (-7 + 33 - 8).
95
Evaluate -112 - (-43 + -19) - (2 + -2 - -2 - 5).
-47
What is the value of -9 + 1 - (6196 + -6173)?
-31
Evaluate -12 - -1 - (-3 + -29 - -8) - 17.
-4
90 - 26 - 56 - (-10 - 2)
20
Evaluate -12 - ((-24 - -9) + -4 - -27).
-20
Evaluate -6 + -4 + 6 - 4 - (11 - (6 - -64)).
51
34 - ((-132 - -64) + 88)
14
Calculate (3 - 44) + (-32 - -47) + 14 + 1.
-11
Calculate -50 + -26 + 105 - 31.
-2
Evaluate -13 + (33 + -20 - 16) + 10.
-6
Calculate -45 - (-4 + -37 - (15 - 33)).
-22
What is -67 - (74 + -159 + -47)?
65
-17 + 5 + (-10 - (-11 - (-13 - -1)))
-23
(-153 - (-13 + -142)) + (1 - 53)
-50
What is the value of (-189 + 93 - -87) + (1 - 16)?
-24
Calculate (-6 - -3 - (6 - 1 - 2 - 16)) + -66.
-56
(-9 - -30) + (9 - (3 - -1)) + (-1 - -6)
31
18 - (-8 + 9 - (4 + 1 - -56))
78
What is the value of 65 + ((-1 - -3) + 26 - (-2812 - -2834))?
71
Evaluate -8 + (6 - -19) + -8 + (-7 + 0 - 1).
1
Evaluate 26 + 1 - ((85 - 6) + -83 - (3 - 1)).
33
What is -142 - (103 + -211 + 90)?
-124
Evaluate (45 + -20 - (-2 + 2)) + -29 - 34.
-38
Calculate 30 + -12 + -17 + 1 + -25 - (-4 + 12).
-31
Evaluate 84 + -44 + 68 + -60.
48
Evaluate 14 + (-26 - (15 - (-10 - -4 - -22))).
-11
What is the value of -12 + (28 + -12 - (7 + -54))?
51
Calculate ((-92 - -39) + 114 - (1 + 19)) + -5.
36
What is the value of 156 + (5 - 2) + (293 - 321)?
131
What is 13 - ((-71 - -72) + 50)?
-38
Evaluate (38 - (-5 - -6)) + (-27 - 17).
-7
Calculate -88 - (1 - 7) - ((2 - -18) + (-114 - -98)).
-86
What is the value of -14 - ((69 - 23) + -50 + 21 + 0)?
-31
What is (-17 - (-11 + 0 + 5 + 6)) + 79?
62
What is -982 - -995 - ((-6 - -11) + 1 + -73)?
80
-40 - (-30 - (-22 - (-23 - -12)))
-21
Evaluate (5 - 9) + 33 + -17.
12
(-3 - -22 - (105 + -102) - (3 + 1)) + -84
-72
Evaluate -45 + 32 + (1 - -16) - 69.
-65
What is -74 + 116 - (105 - 17)?
-46
Evaluate (-115 + -4 - (0 + 36)) + 1 + 0 + 8.
-146
-4 + (-19 - -13 - -5 - 15)
-20
What is (-4 + 3 + -15 - -14) + 18 + -74?
-58
What is the value of (-62 - 27) + (48 - -21) + (1 - -58)?
39
Evaluate 6 + 0 - (-1446 - -1588) - -16.
-120
9 + (-10 - -8) + -6 + -11 + 55
45
What is (-30 - 1) + (-89 - (14 - 105))?
-29
Calculate 5 - -24 - (-74 - (-49 + -18)).
36
What is -11 + 5 + -3 + (-40 - (-75 + -1))?
27
What is the value of -116 - -90 - (69 - 49)?
-46
Calculate -92 - ((91 - 202) + 67).
-48
Evaluate -11 - (-121 - -127 - ((4 - 7) + 69)).
49
Calculate 56 - ((-24 - -1) + (51 - 105 - -52)).
81
75 + -68 - (-12 + -36 - (0 - (0 + -3)))
58
Calculate 34 + -32 + -5 - (50 - 3).
-50
Calculate 4 + -16 + (48 + 4 - -17).
57
What is (15 - (0 + 13)) + 1 + 6 + -3 + 57?
63
Evaluate -33 + -5 - (23 - 38).
-23
What is 4 + (-33 - -11) + 4 + 9 + 68?
63
Evaluate (-661 - -713) + (3 - 66).
-11
Calculate 5 - -47 - (-231 + 228).
55
Evaluate -19 + (-18 - -16 - 8) + 19.
-10
What is the value of -64 - (15 + (54 - (48 - 10)))?
-95
221 + -266 - (-2 - -15) - (2 - 0 - 0)
-60
What is -20 + 117 + -7 + (-6 - 2) + -9?
73
Evaluate -14 + -80 - (19 + -48) - (0 - -16).
-81
Calculate -2 + 0 + (-134 - -111).
-25
Calculate 21 - (-25 + (18 - (-8 + 2))).
22
(1 - (-5 - -1)) + (4 - 3) + (-2584 - -2625)
47
What is (-7 - (-14 + -4)) + (193 - 184) - -70?
90
What is -108 + (-23 - -3 - (-1 + -42 + 25))?
-110
Evaluate (-63 + (7 - 7) - -12) + 8.
-43
Calculate 43 + ((-5 - -21) + -14 - (10 + -3)).
38
Calculate -12 